 2*t - 16, 0 = 3*g + t - 4*t + 3. Let m be -3 + 1/(g/(-2)). What is the remainder when l(m) is divided by 3?
1
Let v(h) = -h - 1. Let f be v(-6). Suppose -f*p = d - 3 - 25, 3*d - p - 36 = 0. Calculate the remainder when (-2)/(-6) - (-272)/12 is divided by d.
10
Suppose m + 3 = 12. Suppose 4 = 2*y - 30. What is the remainder when y is divided by m?
8
Suppose 0 = -3*r + 7*r + 5*j - 876, 0 = -5*r - j + 1074. Calculate the remainder when 40 is divided by r/10 - (-4)/(-10).
19
Let r = -57 + 86. What is the remainder when 173 is divided by r?
28
Suppose 5*w + 52 = 4*d, w - d + 20 = 3*d. Calculate the remainder when (2/3)/(w/(-108)) is divided by 3.
0
Suppose 5*x + 6 - 71 = 0. What is the remainder when x is divided by (1 + -1 + 2)/((-2)/(-5))?
3
Suppose 0 = x - 6*x + 40. Calculate the remainder when 30 is divided by x.
6
Suppose -b + 16 + 66 = 0. What is the remainder when b is divided by 28?
26
Let c = 57 + -12. Calculate the remainder when 177 is divided by c.
42
What is the remainder when 51 is divided by 30/12*(-208)/(-20)?
25
Let r be (-6)/15 - 501/(-15). Let n = 47 - r. What is the remainder when 41 is divided by n?
13
Suppose 0 = -d - 3. Let j = d + 6. What is the remainder when 8 is divided by j?
2
Let k(s) = s**2 + 6*s + 1. Calculate the remainder when -2 + 33/3*3 is divided by k(-8).
14
Let k(q) = -q**2 + 7*q + 14. Suppose -5*d + 0*d = 5*n - 70, -65 = -4*n - d. What is the remainder when n is divided by k(8)?
5
Suppose 4*o - 1 + 21 = 4*t, 4*o = 5*t - 20. Calculate the remainder when -1 - 0 - -16*3 is divided by -2 + (-1 - t) + 19.
15
Let g = 9 - 7. Suppose g*n + 51 = 5*n. What is the remainder when 33 is divided by n?
16
Let f(t) = -t**3 + 7*t**2 - 9. Let n be f(7). Let i = n - -14. What is the remainder when 7 is divided by i?
2
Suppose 3*l - 8*l + 35 = 0. What is the remainder when 46 is divided by l?
4
Let w = 14 + 4. Calculate the remainder when 1*(-2)/1*-17 is divided by w.
16
Calculate the remainder when 12 is divided by 0/3 - (2 + -6).
0
Let k = -24 - -9. Let m be k/(-6) - (-1)/(-2). Suppose -m*f + 6 = -f. Calculate the remainder when f is divided by 4.
2
Suppose -j + 3 = -12. What is the remainder when j is divided by 4?
3
Let a(w) = -2*w**3 - 5*w**2 + 18*w + 9. Let z(j) = j**3 + 2*j**2 - 9*j - 4. Let c(i) = -3*a(i) - 5*z(i). Calculate the remainder when 31 is divided by c(-6).
9
Suppose -15 = 2*x - 4*z - 5, -2*x + z = -5. What is the remainder when 23 is divided by x?
3
Let r(z) be the third derivative of z**5/30 - z**4/6 - 5*z**3/6 + z**2. Calculate the remainder when r(4) is divided by ((-60)/(-5))/(0 - -2).
5
Suppose 2*d + 3*d - 115 = -i, -92 = -4*d - 3*i. Calculate the remainder when d is divided by 6.
5
Suppose z - 4*a + 5 + 0 = 0, -2*a - 8 = -2*z. Calculate the remainder when 12 is divided by z.
5
Suppose -1 + 3 = -b. Let g = 10 + b. Suppose -t = -2, -3*y - 102 = -g*y - t. What is the remainder when 38 is divided by y?
18
Let t = 6 - -1. Calculate the remainder when 24 is divided by t.
3
Let z = 8 + 16. What is the remainder when z is divided by 13?
11
Suppose -4*f + 2*f = 5*h - 357, 0 = h + 5*f - 76. What is the remainder when h is divided by -2 + 3/(6/52)?
23
Let n(d) = -2*d + 4. Suppose -5*q - 138 = -z, -4*q - q + 5*z = 150. What is the remainder when (1/1 - q) + 1 is divided by n(-3)?
9
Let l = 15 - 11. Suppose -5*j - 1 = l. Calculate the remainder when 29 is divided by -10*(-3)/(j + 4).
9
Suppose -2*s = -5*m - 14, 2*m - 74 = -3*s - 15. Suppose 0 = -14*u + 656 - 194. What is the remainder when u is divided by s?
16
Suppose o + 4*a = 15, 2*o - 5*a - 30 = -0*o. Suppose 2*l - 9 = -2*l + 3*s, -3*s = 2*l - 9. Let y = 3 + l. Calculate the remainder when o is divided by y.
3
What is the remainder when ((-93)/2)/(24/(-32)) is divided by 17?
11
Suppose -n = -11*n + 650. What is the remainder when 192 is divided by n?
62
Suppose -5 - 13 = -4*c + x, -c - 2*x = 0. Suppose q - 5*a - 6 = 0, -q + c*a = 5*a - 12. What is the remainder when q is divided by 4?
3
Let k(n) = 15*n**3 + n**2 - 6*n + 5. Calculate the remainder when k(1) is divided by 1.
0
What is the remainder when 37 is divided by ((-18)/(-27))/(4/114)*1?
18
Suppose -5*w + 9 = -1. Let r = w - 0. What is the remainder when 44 is divided by 3*(r + (-3)/(-1))?
14
Let h = 1 - -2. Suppose u + 22 = h*u. Suppose -7*o = -2*o - 105. What is the remainder when o is divided by u?
10
Suppose t = -0*t + 68. Suppose -3*m = -5*m + 4*v + t, 3*m + 2*v = 86. Calculate the remainder when 88 is divided by m.
28
Suppose -6 + 82 = 4*f. Suppose -2 = -0*d + 2*d. Let t(j) = -11*j - 1. What is the remainder when f is divided by t(d)?
9
Let i(k) = -k**2 - 9*k + 10. Calculate the remainder when 106 is divided by i(-8).
16
Let d be (-16)/(-6)*(-6)/(-4). Let u(b) = b**3 - 7*b**2 + 8*b - 6. What is the remainder when d/14 - 117/(-7) is divided by u(6)?
5
Let w be ((-3)/2)/((-21)/(-56)). What is the remainder when 2*8*(w - -6) is divided by 11?
10
Suppose o + 0 = 9. Let c(s) = s**2 - 4*s - 1. What is the remainder when o is divided by c(5)?
1
Suppose -10 = -2*l - 4*c + 5*c, -4*c + 30 = 2*l. Suppose -2*o + 30 = -2*z, 4*o - 5*z - 41 = 22. Calculate the remainder when o is divided by l.
5
Suppose 10*p - 110 = 5*p. Let i = p - 17. Let n(j) = -j**2 + 7*j + 2. Calculate the remainder when n(5) is divided by i.
2
Let p = -10 - -19. What is the remainder when 34 is divided by p?
7
Let r = -22 + 16. Let y = r - -15. Let v = -21 + 38. What is the remainder when v is divided by y?
8
Let z be (2/(-6))/((-1)/(-3)). Let v(x) be the third derivative of -11*x**4/24 - x**3/6 + 2*x**2. Calculate the remainder when v(z) is divided by 4.
2
Let x = -5 - -10. Suppose x*j = 6*t - 2*t + 340, -340 = -5*j + 2*t. Calculate the remainder when 43 is divided by j/6 - 2/6.
10
Suppose 14*r = 3*r + 220. What is the remainder when r is divided by 6?
2
Let n(t) = -5*t + 55. What is the remainder when n(7) is divided by 9?
2
Let i = 33 - 20. Let y = -9 + i. What is the remainder when y is divided by 2?
0
Suppose 0 = 3*w - 5*z - 18 - 6, 3*z + 17 = 2*w. Calculate the remainder when (-1 - -1 - 2)*-12 is divided by w.
11
Let l = 21 - 24. Calculate the remainder when 50 is divided by (6/l)/((-2)/13).
11
Let p(h) = -h**2 + 4*h - 2. Let a be p(2). Suppose -a = -3*v + 13. Calculate the remainder when 8 is divided by v.
3
Let m be 1 + (1 + 13)*-1. Let n be (22/(-5) + 2)*10. Let h = m - n. Calculate the remainder when 31 is divided by h.
9
Let y(z) = z**2 + 8*z - 3. Let q(b) = -2*b**2 + 4*b - 4. Let w be q(3). What is the remainder when y(w) is divided by 5?
2
Suppose -10*g + 160 = 50. Calculate the remainder when 42 is divided by g.
9
Let y(k) = k**2 - 2*k - 4. Let i be y(6). Suppose -50 = -5*j - 3*m + i, 0 = -3*m + 15. Calculate the remainder when 32 is divided by j.
10
What is the remainder when 14 + -6 - (-2 - -2) is divided by 5?
3
Suppose 16 = q - 4. Let n be (-3)/2 - 33/(-6). Suppose 206 = 5*s + n*h, 4*s + 0*h = -3*h + 164. Calculate the remainder when s is divided by q.
18
Let o = 6 - 10. Let h(l) = 2*l**2 + 6*l + 1. Suppose q - 2*q = 0, 0 = 3*c + 4*q - 18. Calculate the remainder when h(o) is divided by c.
3
Let o = 311 + -216. Suppose -61 - o = -4*y. Calculate the remainder when 2/13 - (-891)/y is divided by 6.
5
Let b = 2 - -2. Let j(x) = 2*x**2 - 7*x + 4. Let t be j(4). Suppose -b + t = 4*u. What is the remainder when 1 is divided by u?
0
Let g(z) = 2*z - 5. What is the remainder when 13 is divided by g(5)?
3
Calculate the remainder when 71 is divided by 1095/45 - ((-2)/(-6) + 0).
23
Suppose 5*o = -5*w + 135, 7 = w - 2*o - 2*o. Calculate the remainder when w is divided by (-1 + (-2)/10)/(72/(-480)).
7
Let z = -16 - -33. Calculate the remainder when 49 is divided by z.
15
Let i = 2 - -27. Calculate the remainder when 83 is divided by i.
25
Suppose c = 6*c - 65. What is the remainder when 36 is divided by c?
10
Let y(p) = -2*p + 2*p + 40*p**2 + 2*p**2. What is the remainder when y(1) is divided by 22?
20
Let c(b) be the second derivative of 5*b**4/6 + b**3/6 + b. Suppose 2*j - 32 = 2*i, -i - 4*i + 20 = 0. Calculate the remainder when j is divided by c(1).
9
Let o = -5 + 8. Calculate the remainder when o is divided by 3.
0
Let c(l) = 6*l + 2. Let h(k) = -k**3 - 6*k**2 + 8. Let s be h(-6). Suppose -3*y + s*p - 3 = 5*p, -y + 5 = p. What is 